 remainder when 39165 is divided by 593.
27
What is the remainder when 5013 is divided by 719?
699
What is the remainder when 1714 is divided by 1361?
353
What is the remainder when 5798 is divided by 184?
94
What is the remainder when 1793 is divided by 1702?
91
Calculate the remainder when 55942 is divided by 78.
16
What is the remainder when 831993 is divided by 169?
6
What is the remainder when 288310 is divided by 43?
38
What is the remainder when 2130476 is divided by 15?
11
Calculate the remainder when 28139 is divided by 361.
342
Calculate the remainder when 101774 is divided by 115.
114
Calculate the remainder when 45965 is divided by 621.
11
What is the remainder when 3714 is divided by 207?
195
What is the remainder when 7181 is divided by 269?
187
Calculate the remainder when 33047 is divided by 6605.
22
What is the remainder when 29645 is divided by 14264?
1117
What is the remainder when 2865 is divided by 1290?
285
What is the remainder when 954 is divided by 278?
120
Calculate the remainder when 2136 is divided by 332.
144
Calculate the remainder when 527796 is divided by 508.
492
What is the remainder when 18804 is divided by 9388?
28
Calculate the remainder when 2228 is divided by 53.
2
What is the remainder when 74328 is divided by 239?
238
Calculate the remainder when 46514 is divided by 1381.
941
Calculate the remainder when 16424 is divided by 28.
16
What is the remainder when 2429 is divided by 390?
89
What is the remainder when 156023 is divided by 353?
350
What is the remainder when 133373 is divided by 173?
163
What is the remainder when 836 is divided by 211?
203
Calculate the remainder when 135527 is divided by 2335.
97
What is the remainder when 522 is divided by 105?
102
What is the remainder when 1021 is divided by 150?
121
Calculate the remainder when 89819 is divided by 107.
46
What is the remainder when 111967 is divided by 11?
9
What is the remainder when 22813 is divided by 7?
0
What is the remainder when 3143359 is divided by 3040?
3039
What is the remainder when 7882 is divided by 990?
952
Calculate the remainder when 5457 is divided by 30.
27
What is the remainder when 888702 is divided by 29?
26
Calculate the remainder when 104057 is divided by 473.
470
What is the remainder when 37814 is divided by 361?
270
Calculate the remainder when 1868 is divided by 208.
204
Calculate the remainder when 9492 is divided by 264.
252
Calculate the remainder when 1480 is divided by 41.
4
Calculate the remainder when 50613 is divided by 152.
149
Calculate the remainder when 3139 is divided by 316.
295
Calculate the remainder when 16798 is divided by 271.
267
Calculate the remainder when 1096 is divided by 204.
76
What is the remainder when 992 is divided by 483?
26
What is the remainder when 11916 is divided by 69?
48
What is the remainder when 26834 is divided by 189?
185
What is the remainder when 9753 is divided by 651?
639
Calculate the remainder when 3801 is divided by 96.
57
Calculate the remainder when 24679 is divided by 102.
97
Calculate the remainder when 17764 is divided by 1968.
52
What is the remainder when 48495 is divided by 49?
34
Calculate the remainder when 366133 is divided by 3661.
33
What is the remainder when 3668 is divided by 3636?
32
What is the remainder when 128601 is divided by 169?
161
What is the remainder when 203 is divided by 72?
59
Calculate the remainder when 61070 is divided by 11.
9
Calculate the remainder when 2986 is divided by 299.
295
What is the remainder when 169954 is divided by 52?
18
What is the remainder when 102860 is divided by 387?
305
What is the remainder when 19196 is divided by 24?
20
What is the remainder when 21544 is divided by 10759?
26
Calculate the remainder when 7880 is divided by 657.
653
Calculate the remainder when 2054 is divided by 371.
199
Calculate the remainder when 225560 is divided by 70.
20
What is the remainder when 1705 is divided by 171?
166
Calculate the remainder when 23346 is divided by 278.
272
Calculate the remainder when 1138 is divided by 1104.
34
Calculate the remainder when 109717 is divided by 525.
517
Calculate the remainder when 204808 is divided by 204797.
11
Calculate the remainder when 9776 is divided by 391.
1
What is the remainder when 57362 is divided by 122?
22
What is the remainder when 10578 is divided by 42?
36
Calculate the remainder when 12390 is divided by 4124.
18
Calculate the remainder when 7441 is divided by 62.
1
Calculate the remainder when 319634 is divided by 35514.
8
What is the remainder when 7629 is divided by 634?
21
Calculate the remainder when 1792105 is divided by 1557.
1555
What is the remainder when 383518 is divided by 204?
202
Calculate the remainder when 20636 is divided by 3732.
1976
Calculate the remainder when 3027 is divided by 270.
57
What is the remainder when 4477 is divided by 31?
13
What is the remainder when 4410 is divided by 1452?
54
What is the remainder when 137516 is divided by 27502?
6
What is the remainder when 8894 is divided by 64?
62
What is the remainder when 638 is divided by 170?
128
Calculate the remainder when 4450 is divided by 41.
22
What is the remainder when 3342 is divided by 1089?
75
What is the remainder when 11680 is divided by 5785?
110
What is the remainder when 176669 is divided by 453?
452
What is the remainder when 453336 is divided by 38?
34
What is the remainder when 1152 is divided by 275?
52
What is the remainder when 1136 is divided by 189?
2
What is the remainder when 5280 is divided by 44?
0
Calculate the remainder when 645 is divided by 641.
4
Calculate the remainder when 123270 is divided by 61624.
22
What is the remainder when 12090 is divided by 12079?
11
What is the remainder when 19603 is divided by 280?
3
Calculate the remainder when 41743 is divided by 71.
66
What is the remainder when 26642 is divided by 117?
83
Calculate the remainder when 1190933 is divided by 1661.
1657
What is the remainder when 35593 is divided by 963?
925
Calculate the remainder when 2693 is divided by 89.
23
Calculate the remainder when 3011 is divided by 789.
644
What is the remainder when 1445 is divided by 94?
35
Calculate the remainder when 33298 is divided by 36.
34
What is the remainder when 7094 is divided by 273?
269
Calculate the remainder when 118584 is divided by 39521.
21
What is the remainder when 3761 is divided by 237?
206
Calculate the remainder when 125037 is divided by 179.
95
What is the remainder when 39313 is divided by 2617?
58
What is the remainder when 777382 is divided by 732?
730
What is the remainder when 1393694 is divided by 354?
350
Calculate the remainder when 15192 is divided by 10.
2
Calculate the remainder when 58505 is divided by 276.
269
What is the remainder when 46241 is divided by 23?
11
Calculate the remainder when 42833 is divided by 21364.
105
What is the remainder when 85753 is divided by 116?
29
Calculate the remainder when 4586 is divided by 1502.
80
Calculate the remainder when 32397 is divided by 99.
24
Calculate the remainder when 36094 is divided by 6015.
4
What is the remainder when 1411 is divided by 413?
172
What is the remainder when 31781 is divided by 29?
26
What is the remainder when 29404 is divided by 428?
300
Calculate the remainder when 59544 is divided by 930.
24
Calculate the remainder when 853593 is divided by 4690.
13
What is the remainder when 50155 is divided by 62?
59
What is the remainder when 30531 is divided by 23?
10
What is the remainder when 3379 is divided by 395?
219
Calculate the remainder when 48537 is divided by 540.
477
What is the remainder when 1770906 is divided by 22?
16
Calculate the remainder when 32494 is divided by 32466.
28
Calculate the remainder when 216537 is divided by 2518.
2507
Calculate the remainder when 4302 is divided by 2117.
68
What is the remainder when 698 is divided by 135?
23
Calculate the remainder when 205779 is divided by 102866.
47
Calculate the remainder when 8558 is divided by 8.
6
Calculate the remainder when 566 is divided by 281.
4
Calculate the remainder when 363522 is divided by 20.
2
What is the remainder when 27696 is divided by 9?
3
What is the remainder when 829366 is divided by 50?
16
What is the remainder when 73234 is divided by 637?
616
What is the re